igit of 151179600?
9
What is the millions digit of 81468069?
1
What is the ten millions digit of 787476917?
8
What is the ten millions digit of 126415307?
2
What is the tens digit of 52100486?
8
What is the units digit of 119335992?
2
What is the ten millions digit of 99658662?
9
What is the hundred millions digit of 3535689773?
5
What is the tens digit of 582772133?
3
What is the hundred millions digit of 1189036029?
1
What is the hundred thousands digit of 467825011?
8
What is the ten thousands digit of 183974532?
7
What is the hundred thousands digit of 2055354027?
3
What is the ten millions digit of 3147913833?
4
What is the units digit of 673738442?
2
What is the units digit of 622455619?
9
What is the hundreds digit of 19224023?
0
What is the thousands digit of 159784115?
4
What is the hundreds digit of 204279280?
2
What is the tens digit of 5396017?
1
What is the units digit of 2094599478?
8
What is the thousands digit of 44247187?
7
What is the hundred thousands digit of 49859547?
8
What is the billions digit of 3288795402?
3
What is the units digit of 1421617?
7
What is the billions digit of 8414304183?
8
What is the millions digit of 24921158?
4
What is the millions digit of 9096508?
9
What is the thousands digit of 1160768783?
8
What is the hundreds digit of 5905518046?
0
What is the ten millions digit of 380804059?
8
What is the ten thousands digit of 353462253?
6
What is the hundred thousands digit of 206206197?
2
What is the hundreds digit of 2410318361?
3
What is the millions digit of 3004012734?
4
What is the thousands digit of 3049297924?
7
What is the hundred thousands digit of 2376422116?
4
What is the units digit of 5342396583?
3
What is the ten thousands digit of 324785802?
8
What is the hundreds digit of 39113939?
9
What is the hundred thousands digit of 908274358?
2
What is the thousands digit of 69552276?
2
What is the ten thousands digit of 3176030928?
3
What is the ten millions digit of 1192497883?
9
What is the millions digit of 162654326?
2
What is the tens digit of 3383237085?
8
What is the thousands digit of 266894146?
4
What is the millions digit of 105694370?
5
What is the ten thousands digit of 201770295?
7
What is the millions digit of 2677676026?
7
What is the units digit of 1493929589?
9
What is the hundred millions digit of 150685320?
1
What is the ten millions digit of 166067385?
6
What is the thousands digit of 6577285133?
5
What is the millions digit of 47891832?
7
What is the thousands digit of 1102438741?
8
What is the ten millions digit of 1582341660?
8
What is the units digit of 4464556253?
3
What is the thousands digit of 209090412?
0
What is the units digit of 1822445410?
0
What is the thousands digit of 115058628?
8
What is the ten thousands digit of 1279065822?
6
What is the ten millions digit of 102222699?
0
What is the tens digit of 141090313?
1
What is the ten millions digit of 2933364949?
3
What is the tens digit of 2315508205?
0
What is the ten millions digit of 19792083?
1
What is the units digit of 24338485?
5
What is the hundred thousands digit of 16677024?
6
What is the tens digit of 974520967?
6
What is the millions digit of 1319504?
1
What is the millions digit of 53228778?
3
What is the units digit of 596184115?
5
What is the units digit of 23050297?
7
What is the units digit of 2884483324?
4
What is the tens digit of 88267603?
0
What is the units digit of 262847286?
6
What is the tens digit of 860110853?
5
What is the ten thousands digit of 199006906?
0
What is the tens digit of 33955347?
4
What is the thousands digit of 44708984?
8
What is the hundreds digit of 295381392?
3
What is the hundreds digit of 26269389?
3
What is the millions digit of 246911433?
6
What is the millions digit of 3990994014?
0
What is the ten millions digit of 3510887424?
1
What is the hundred thousands digit of 472445403?
4
What is the ten millions digit of 3084229319?
8
What is the hundreds digit of 323624213?
2
What is the millions digit of 124077411?
4
What is the ten millions digit of 351083636?
5
What is the tens digit of 38600604?
0
What is the units digit of 7308445766?
6
What is the hundreds digit of 1372365128?
1
What is the thousands digit of 438498963?
8
What is the millions digit of 58339964?
8
What is the hundred thousands digit of 932595877?
5
What is the ten thousands digit of 1032836830?
3
What is the millions digit of 881131803?
1
What is the ten thousands digit of 86302240?
0
What is the ten millions digit of 565863369?
6
What is the tens digit of 721952713?
1
What is the ten thousands digit of 40387200?
8
What is the ten thousands digit of 34006667?
0
What is the ten millions digit of 1133538651?
3
What is the hundreds digit of 87153582?
5
What is the units digit of 125553616?
6
What is the millions digit of 263038427?
3
What is the tens digit of 338609390?
9
What is the billions digit of 2030389973?
2
What is the thousands digit of 36310053?
0
What is the thousands digit of 824616?
4
What is the ten thousands digit of 597873588?
7
What is the thousands digit of 885722542?
2
What is the millions digit of 132824162?
2
What is the billions digit of 3564528055?
3
What is the thousands digit of 64235632?
5
What is the tens digit of 266604777?
7
What is the tens digit of 94017984?
8
What is the thousands digit of 180383398?
3
What is the hundred thousands digit of 1565955275?
9
What is the ten thousands digit of 45509870?
0
What is the ten millions digit of 29029498?
2
What is the hundred thousands digit of 2772896553?
8
What is the ten thousands digit of 64382364?
8
What is the ten thousands digit of 838628329?
2
What is the tens digit of 464533324?
2
What is the tens digit of 54919561?
6
What is the ten millions digit of 23234708?
2
What is the hundred millions digit of 141524156?
1
What is the billions digit of 1133511641?
1
What is the tens digit of 41318410?
1
What is the hundred millions digit of 997013647?
9
What is the ten thousands digit of 62177162?
7
What is the tens digit of 17031325?
2
What is the tens digit of 1674227641?
4
What is the thousands digit of 555670498?
0
What is the units digit of 123371384?
4
What is the millions digit of 84087573?
4
What is the ten millions digit of 195257710?
9
What is the hundreds digit of 96119031?
0
What is the tens digit of 18682580?
8
What is the hundreds digit of 99997031?
0
What is the millions digit of 1560585331?
0
What is the billions digit of 1031916062?
1
What is the thousands digit of 25551766?
1
What is the units digit of 224087911?
1
What is the thousands digit of 67692518?
2
What is the units digit of 26658628?
8
What is the units digit of 41553229?
9
What is the ten thousands digit of 53500315?
0
What is the units digit of 341545248?
8
What is the thousands digit of 6965080017?
0
What is the ten thousands digit of 497209777?
0
What is the units digit of 45806780?
0
What is the ten thousands digit of 1128334176?
3
What is the millions digit of 368130940?
8
What is the ten millions digit of 63376978?
6
What is the hundred millions digit of 116943204?
1
What is the ten millions digit of 2457156324?
5
What is the thousands digit of 43304787?
4
What is the millions digit of 40145665?
0
What is the tens digit of 236461839?
3
What is the ten millions digit of 330523317?
3
What is the ten millions digit of 1313593995?
1
What is the thousands digit of 691467182?
7
What is the tens digit of 3162812949?
4
What is the hundreds digit of 6125295411?
4
What is the thousands digit of 104903208?
3
What is the tens digit of 94691416?
1
What is the units digit of 102740607?
7
What is the thousands digit of 682405890?
5
What is the ten millions digit of 3604511764?
0
What is the millions digit of 152275993?
2
What is the ten thousands digit of 2139133989?
3
What is the ten thousands digit of 606609620?
0
What is the billions digit of 7263599126?
7
What is the hundreds digit of 131078539?
5
What is the millions digit of 69700949?
9
What is the thousands digit of 35267155?
7
What is the hundreds digit of 188761974?
9
What is the ten millions digit of 87289241?
8
What is the hundreds digit of 357793035?
0
What is the ten millions digit of 59129685?
5
What is the tens digit of 80358977?
7
What is the thousands digit of 30378074?
8
What is the ten mil